is the units digit of f?
1
Let d = 20 + -38. What is the tens digit of -57*(-2)/d*-3?
1
Suppose 55*z + 33514 = 68*z. What is the hundreds digit of z?
5
Suppose 2 = 3*q - 7. Suppose 0 = -3*p + q*y + y - 32, 4*y = 2*p + 28. What is the tens digit of 2 - (-37 - (p - -3))?
3
Suppose -3*w + 2*w - 8 = -2*j, -5*j = 5*w + 10. Let p(h) be the second derivative of -h**4/12 - 2*h**3/3 + h**2/2 + 6*h. What is the units digit of p(w)?
1
Let z(t) = -t**2 + 3*t - 6. Let g be z(-5). Suppose 695 = -26*q + 175. Let x = q - g. What is the tens digit of x?
2
Suppose -2368 = -5*q + 3*d + 1968, 4*q - 3470 = 2*d. What is the tens digit of q?
6
Suppose 23*w = 19*w + 5976. What is the thousands digit of w?
1
Suppose 19 + 6 = 5*m - s, 0 = -3*m - 2*s + 28. Suppose -5*k = u - 0*u - 20, 4*u = -k - 15. Let f = m + u. What is the units digit of f?
1
Let g = 4 - -12. Let i(b) = -b**3 + 17*b**2 - 13*b - 14. What is the tens digit of i(g)?
3
Let j be 2 + -2 + (-168)/(-2). Suppose 0 = -31*b + 2 - 2. Suppose -k - k + j = b. What is the tens digit of k?
4
Suppose g - 704 = 5*b, 3516 = 5*g + b + 74. What is the hundreds digit of g?
6
Let k(a) = -a**3 + 21*a**2 + 20*a + 26. Let p be k(22). What is the units digit of 1/3 + (-1524)/p?
5
Let q = 157 + -84. Let k(j) = j**2 + 6*j + 5. Let h be k(-6). Suppose -4*p - 125 = -h*i, -2*i = -3*p + 30 - q. What is the tens digit of i?
2
Let i = 9 - 11. Let r(d) = d + 9. Let h be r(-12). What is the tens digit of 21 - (i - 1)/h?
2
Let g = 557 - 349. What is the units digit of g?
8
Suppose 3*o = -0*o + 5*n + 4444, o + 3*n = 1486. What is the thousands digit of o?
1
Let n(w) = 6*w - w + 9*w**2 + w**3 + 4*w - 3. What is the tens digit of n(-7)?
3
Suppose 9*w - 910 = -w. What is the units digit of (-2414)/(-14) + 52/w?
3
Let j(k) = 10*k**2 + 93*k + 38. What is the units digit of j(-17)?
7
Let b(h) = 30*h - 5. Let w(z) = 6*z - 1. Let l(q) = -2*b(q) + 11*w(q). What is the units digit of l(11)?
5
Let m(d) = d**2 + 2*d. Suppose -2*a - 4*x - 16 = 0, 3 - 2 = a - x. Let s be m(a). Suppose -4*j + 169 = 5*q, 3*q = -s + 3. What is the units digit of j?
1
Let w(i) = -219*i + 124. What is the units digit of w(-8)?
6
Let o = 224 - 133. What is the tens digit of (312/o)/((-4)/(-14))?
1
What is the units digit of (3 + -5)/((-3)/(-1 + 3436))?
0
Let d(k) = -58*k**3 - 39*k**2 + 12*k - 4. What is the tens digit of d(-5)?
1
Suppose 4*y + 9 = 7*y. Suppose y*h = -3*l + 108, 5*l = -h + 4*h + 180. What is the tens digit of l?
3
Suppose 0 = -4*a + 3*f + 21, 0 = -3*a + 4*f + 2 + 5. Let w = -9 + a. Suppose -2*t = b - w*b - 4, -3*t - 8 = 5*b. What is the units digit of t?
4
Let m = 3250 - 1536. What is the hundreds digit of m?
7
Let o = 71 - -1226. Suppose 11*h - o + 230 = 0. What is the units digit of h?
7
Suppose 3*s - 21 - 3 = 0. Suppose -s*t - l - 14 = -4*t, 6 = t + 5*l. What is the units digit of 8/(t - 0) + 18?
6
Let y(i) = 9*i - 21. Let l = 0 - -6. Let f be y(l). What is the tens digit of (f/(-12))/((-7)/84)?
3
Let n(h) be the second derivative of -h**5/20 + 2*h**4/3 - 7*h**3/6 + 3*h. Let f be 5 + (0/(-5))/(-4). What is the units digit of n(f)?
0
Let d(x) = x + 3. Let n be d(6). Suppose -n*s + 728 = 4*s. What is the tens digit of s?
5
Let y(q) be the second derivative of q**4/4 - 19*q**3/3 - 25*q**2/2 - 34*q. What is the units digit of y(18)?
3
Let c(r) be the third derivative of -7*r**4/4 - 11*r**3/6 + 33*r**2. What is the tens digit of c(-4)?
5
Let f(p) = p**2 - 5*p - 45. Let b be f(12). Let o = -17 + b. What is the tens digit of o?
2
Suppose -i = -4 + 6, -r + 194 = i. Let n = r - 73. What is the tens digit of n?
2
Let y be (-8)/6*(-5 - -8). Let k be (23/y)/((-1)/(-4)). What is the tens digit of 0 + 2 - k/1?
2
Let k = -14 + 86. What is the units digit of (1 + k)*(12 + -11)?
3
Let k(n) = 5*n**2 + 25*n - 78. What is the hundreds digit of k(28)?
5
Suppose -3*o - w + 4170 = -2*o, 4162 = o - 3*w. What is the thousands digit of o?
4
Let d(s) = -2*s**3 + 2*s**2 + s. Let u be d(-1). Suppose 3*a + 8*a = 5*a. Suppose -u + a = -3*k. What is the units digit of k?
1
What is the units digit of 668131/609 - 6/63?
7
Let h be 3/(70/(-23) + 3). Let o = 6 - h. What is the units digit of o?
5
Suppose -35 - 20 = 5*b. Let c(m) = -m**2 - 15*m - 14. Let f be c(b). What is the units digit of ((-26)/(-3))/(10/f)?
6
Let j(b) = b**2 - 10*b - 43. Let u(w) = 2*w**2 + 22*w + 11. Let y be u(-10). What is the tens digit of j(y)?
2
Suppose 6*m - 258 = 3*m. What is the hundreds digit of ((-5)/(-3) - 3/18)*m?
1
Let i(v) = -v - 7. Let y be i(-10). Suppose -w + 11 = -4*p - y, 0 = 3*p + 9. Suppose 0 = w*t - 15 + 5. What is the units digit of t?
5
Suppose -1318 + 15237 = 31*h. What is the tens digit of h?
4
Let a be -1 - -2*(-45)/6. Let p be a/(-2) + (6 - 3). Suppose s + 5*j + 2 = 0, 3*s = -2*s - 4*j + p. What is the units digit of s?
3
What is the tens digit of (2/8)/((-159)/(-336444))?
2
Let v(o) be the second derivative of -o**3/3 + 2*o**2 - 8*o. Let t be v(3). What is the units digit of (8/t)/4 - -7?
6
Suppose -p = -6*p + 15. Suppose -8 = -3*m + 7. Suppose 0 = m*k - 4*j - 200 - 75, p*k + 4*j = 197. What is the units digit of k?
9
Let u = -4 - 1. Suppose 101*t - 92 = 97*t. Let o = t - u. What is the units digit of o?
8
Let u = -30 - -45. Suppose -4*h = -3 + u. Let q(i) = -i**3 + 3*i - 1. What is the units digit of q(h)?
7
Let t = 799 + -420. Suppose 1210 = 4*k + 2*z, -3*k + 1304 = -2*z + t. Suppose k = 5*s + 5*f, -4*s + 2*f + 189 + 73 = 0. What is the units digit of s?
4
Suppose 4*y - 8624 = -2*r, -8*y = -12*y + 3*r + 8634. What is the units digit of y?
7
What is the thousands digit of (-4)/(-11) - (-5596032)/1144?
4
Let y be 3*-1*(-16)/(-12). Let r be (-1 + 0 + 0)*y. Suppose r*s - 6 = 3*s. What is the units digit of s?
6
Suppose 97 = -2*q - 57. Let m be -3 - (-1)/(1/(-52)). Let s = m - q. What is the tens digit of s?
2
Let r be ((-9)/15)/(4/(-20)). Let z be -87*(r/(-9) - -1). Let g = 88 + z. What is the tens digit of g?
3
Suppose -52 - 116 = 2*h - 5*z, 3*z = h + 84. Let y = h + 148. What is the tens digit of y?
6
Suppose -4*p - 1919 = -0*u - u, 0 = -5*u - 5*p + 9470. What is the hundreds digit of u?
8
Let v(j) be the first derivative of 21*j**2/2 - 11*j + 1. Let z be v(6). Let t = -66 + z. What is the tens digit of t?
4
Let w(a) = 7*a - 5. Suppose -3*m + 3 = g - 2, -3*m - 9 = 0. Let b = -9 + g. What is the units digit of w(b)?
0
Suppose 0 = 4*h - 3*r - 73 - 144, -280 = -5*h + 2*r. Let q = h + -34. What is the units digit of q?
4
What is the thousands digit of ((470 - -3)*4 - -5) + 1?
1
Let c be -40 - -1*(-4)/(-1). Let m = 41 + c. What is the units digit of m?
5
Suppose -4*h - 420 = -16*h. What is the tens digit of 1057/5 - (154/h + -5)?
1
Let j(f) = f**2 + 3*f - 9. Let p be j(6). Suppose -r - c = r - 17, 5*r - p = -3*c. What is the units digit of r?
6
Let k(v) be the second derivative of -v**8/6720 + v**7/360 + 2*v**4/3 - 9*v. Let y(o) be the third derivative of k(o). What is the units digit of y(6)?
6
Suppose -h = 4*h - 10. Let q be 8 - (-1 + 2)*h. Suppose 3*p + q = 4*k, 0 = 4*k + 5*p - 7*p - 8. What is the units digit of k?
3
Let j(l) = -l**2. Let m be j(7). Let o be (m/2)/((-1)/(-2)). Let c = o - -102. What is the tens digit of c?
5
Suppose -5328 = 26*j - 32*j. What is the units digit of j?
8
Let z(r) = r**3 - 13*r**2 - 13*r - 16. Let t be z(14). What is the units digit of t/(-3) + 170/51?
4
What is the hundreds digit of (-75)/(-18)*(-8)/20*-825?
3
Let j(a) = -a**2 - 14*a - 6. Let i be j(-14). Let s = 22 + i. Suppose -4*x = -5*m + 260, 5*x = 9 + s. What is the tens digit of m?
5
Let v = 1166 + -742. What is the hundreds digit of v?
4
Let g = 14 + -15. Let k be (-3)/(9/12)*g. Suppose 0*h = -k*h + 192. What is the tens digit of h?
4
Let a = 210 - 107. Suppose -21*x + 11 + 31 = 0. Suppose -x*o = -a + 7. What is the tens digit of o?
4
Let t be 335/20 - (-6)/(-8). Let f = t - -22. Suppose -57 = -3*r - s, -r + s = -3*r + f. What is the units digit of r?
9
Suppose 52*l - 140283 = 51129. What is the tens digit of l?
8
Suppose -2*x + 4*s = -1 - 9, 4*s = -3*x + 25. Suppose -x*h + 121 = -222. What is the units digit of h?
9
Let u(t) = 4*t**2 - 6*t + 14. Let y be u(7). Let c = -109 + y. What is the units digit of c?
9
Suppose -5*y + 14 = -j, 1 = y - 3. Suppose z = 9 - j. Suppose c = 3*c + 2*b - 10, -3*c + z